6)?
106
Evaluate 73 + -34 + -21 - (15 - 4).
7
What is (-8 - 0 - ((3 - 10) + -12)) + (15 - -10)?
36
Calculate 7 + -23 - (-18 - (-48 - -28 - 6)).
-24
37 + (-6 - 8) - (3 - -73)
-53
Calculate (6 + 0 - (139 + -115)) + (-10 - 4).
-32
Calculate -17 + (-8 - (28 + -12 - 112 - 3)).
74
0 + (-2 - -4) - (11 + -6 + 61 - 8)
-56
Calculate -3 + (-16 - (5 + -7 - 20)).
3
Calculate 75 + 9 + 9 + -4 + -26.
63
(-2294 - -2336) + 1 + 2 + 1
46
-604 + 612 + (6 + (-4 - -1) - (4 + 1))
6
What is the value of -80 - (-128 - (61 - 166))?
-57
Calculate -97 + (118 - 38) + -5 - (1 + -162).
139
Evaluate -12 + 18 + (-9 - 11).
-14
Evaluate (19 - 52) + 22 + 13 + 108 + (5 - 3).
112
Evaluate 1 - 1 - -109 - (-51 - (280 + -347)).
93
40 + (38 - 71) - -11
18
Calculate 79 - (-74 + 137) - (-22 + -3).
41
What is the value of -927 + 990 - (54 - 2)?
11
What is 11 + (-33 - 2) - -69?
45
What is the value of (-5 - -50) + -35 + 24?
34
Evaluate 5 + (-7 - -9) + 21 + -31.
-3
Calculate 47 + -41 + 2 + (6 + -3 - -26).
37
Calculate -81 - (-5 + -20 + (21 - -6)).
-83
What is the value of 1 + 10 + (31 - 64) + 57?
35
Evaluate 18 - (-6 + 11 + 9 + 92 - 5).
-83
Calculate -4 + (-23 - (-33 - -52)) + 27.
-19
130 + (-30 - 54) + (29 - 1)
74
What is (10 - 30) + 23 + 8 - (18 + -2)?
-5
What is the value of (-12 - -25) + (20 - 35)?
-2
What is -25 + (57 - 178) - -43?
-103
-37 + 13 - (-42 + 10)
8
What is the value of 2 + -1 + -50 - (-12260 + 12351)?
-140
What is the value of (69 - 169) + (7 - -41)?
-52
Evaluate -96 - (-31 + 98 + -60).
-103
Evaluate -36 - (-2 + (-16 + 9 - -6) + -12).
-21
Calculate 4 + 10 + (-12 - (3 - -47)) + 0.
-48
Calculate (-142 - -206) + -248 - -147.
-37
What is (12 - -50) + (-78 - -11)?
-5
112 + 58 + -91 + -32
47
What is (0 - 31) + -1 + (-13383 - -13325)?
-90
What is the value of 523 + -553 - (-22 - (24 + -11))?
5
(-37 - -36 - (-17 - -5)) + -51
-40
Calculate -1534 - -1325 - (3 + -139).
-73
Calculate (-22 - 34) + (23 - 33 - -5).
-61
What is -26 + 58 + -22 + -17 + -39?
-46
-81 + 50 + -44 + 25
-50
What is the value of -201 + (126 - -33) + 112?
70
21 + -77 + 1 + -4 + 11 + 22
-26
14 - ((17 - 19) + -99 + 97 + (-5 - 1))
24
What is -67 - (-21 - -58 - 78)?
-26
-455 - -476 - ((-1 - -3) + -2 + -1 - -5)
17
61 + -14 + (-48 - -10)
9
Evaluate -108 + (-78 - -157) - -25.
-4
Calculate 61 + (-6 - (-6 - 2)) + 26 + -34.
55
What is the value of -43 + -10 + -74 + 182?
55
What is the value of (-2 + -9 + -62 + 62 - -15) + 51?
55
Calculate 18 + -9 + -60 + 155 + -123.
-19
Calculate (-70 + -15 - 17) + (1 - -2) + -3 + -5.
-107
What is (-16 - -20) + -22 + -26 + 33?
-11
Evaluate -2 + (1 - (10 + -2)) + -8827 + 8841.
5
Evaluate -12 - (-25 - (-22 - -31 - -6)).
28
What is the value of -35 + (29 - -53 - 29)?
18
Calculate -149 - -218 - (15 + (6 - 0 - 10)).
58
What is the value of 53 - ((-1 - (-1 + -14)) + (533 - 558))?
64
-3 + -25 + (-34 - -55)
-7
-93 - (82 - 162 - 34)
21
What is the value of 21 + -25 + 16 + -2 - -11?
21
Evaluate -296 + 346 + -14 + -1.
35
What is the value of 68 - (9 - (8 + -23) - 19)?
63
17 + (0 - (1 + 10)) + (1013 - 1084)
-65
What is the value of -12 - ((3 + -17 - 3) + 44 + -42)?
3
Calculate (-5 - (-31 + 5 - -16 - (2 + 0))) + 122.
129
Calculate -8 - -1 - (-27 + 15 + 19) - 52.
-66
Calculate -28 + (7 - -20) + -12 - 92.
-105
Evaluate 1 - 58 - ((434 - 433) + -1 + (-1 - 0)).
-56
Evaluate -20 - (-140 - -69) - 31.
20
Evaluate -9 + 10 + 6 - (56 - (-14 - -18)).
-45
-12 + -61 + 70 - (-37 - (-2 + 0 - 0))
32
Calculate 5 + 16 + -7 + 5 + (-46 - 38).
-65
What is the value of 8 - 1 - (-8 + 3 - (-11 - -6))?
7
Calculate (-51 + 9 - -14) + -42 + -6.
-76
Calculate (-46 + -12 - (-202 + 149)) + (0 - -118).
113
Evaluate 36 + 2 - 2 - (10 + -42).
68
What is 3 - (-5 + 15 + (13 - -9))?
-29
What is -36 + 2 + (193 - 168) - (-3 - 10 - 0)?
4
What is the value of -46 + 78 - 20 - (12 - 16 - (1 + -15))?
2
Calculate 461 + -387 + (2 + -1 - (-6 + 11)).
70
-69 + (-3 - 1) + (49 - 47)
-71
Evaluate -28 - ((-17 - -34) + -20 - (-3 - 9)).
-37
What is the value of -2 - -14 - (119 - (-1 - 4 - -26) - 3)?
-83
What is (-20 - -6) + -5 - (551 - 520)?
-50
What is (-27 - (7 + -5)) + (116 - 26)?
61
63 - 40 - -15 - 5 - -41
74
Calculate (-162 - -31) + 118 + (2 + 1 - 5) + 46.
31
60 + -70 - -82 - 53
19
Evaluate -12 + 44 + 2 - (86 + 32).
-84
Calculate -4 + 2 + 12 - (-44 - (29 - 64)).
19
What is the value of -40 - (-8 + -37 - -11)?
-6
Calculate -4 - (15 + -17 - 41).
39
Evaluate 7 - (-34 - (-48 + -38)).
-45
What is -121 + 37 + -79 + 127?
-36
Evaluate 6 + -12 + 28 - (8 - -7 - 12).
19
What is the value of 2 - -1 - (188 + -169 + (14 - -2))?
-32
What is the value of (4 - 100) + (-200 - -271)?
-25
Calculate -24 + 13 + -1 + 26 - 1.
13
2 + (18 + 42 - 17) - (-7 + (3 - 0))
49
(-36 - -32 - (-2 - 15)) + -5 + 7 + 14
29
What is -6 - (19 + -6) - (-4 + (2 - 3) + 4)?
-18
Evaluate 14 + (14 - 30) + -125 + (6 - -11).
-110
0 + (-8 - -13) + 0 + 1 + (16 - -9)
31
Evaluate (10 - (-98 + 8)) + -75 + 57.
82
Calculate 16 + 26 + -23 + -52.
-33
What is the value of 53 - -42 - 5 - 28?
62
Evaluate 7 - (-1 - -1) - (142 + (-304 - -109)).
60
Evaluate 4 - (0 + (-1 - 32) - (-17 - -6)).
26
What is -60 - (-45 + -25) - (16 + 1) - 6?
-13
What is (88 - (7 - (-7 - -21))) + 17 + -16?
96
23 - (-41 - -33 - -2) - 68
-39
Evaluate -108 - (5 - (6 + -13 + 4) - (171 - 157)).
-102
Calculate -1 - -5 - (-6 + 10 - (26 + -23 + 38)).
41
Evaluate -55 - (43 + (-88 - 21)).
11
What is the value of (31 - (0 + 1)) + (-13 - -46 - (33 + -4))?
34
What is (-10 + 44 - 15) + (-121 - -210)?
108
Calculate (47 - 61) + -25 - 25.
-64
-5 + 27 + -4 - -2
20
Calculate (-4 - 0) + (-22 - (-39 + 15) - 38).
-40
Evaluate -758 + 835 - (169 - 0).
-92
(94 - 156) + 51 + (22 - 1)
10
-195 + 228 + (6 - 52)
-13
What is -2 - ((21 - 1) + 4) - (-555 + 542)?
-13
Calculate 88 + -40 + 7 + 8 + -17.
46
What is -79 - (1 + 0 + 0 - 12 - (13533 - 13534))?
-69
What is -13 + -81 + 55 - -13?
-26
What is -13 - (-31 + (7 + 102 - 33))?
-58
(4 - -5) + -13 + 1 + -1 + -18 + -6
-28
39 - (-24 + 131 + -3)
-65
Evaluate (24 - 113) + 143 + -65.
-11
What is 8385 + -8372 - (0 + -4 + (-9 - -11) + 7)?
8
What is the value of 270 - 141 - (-2 - -67)?
64
72 + -76 + -22 + -9
-35
What is the value of -10 + (0 - -8) + 78 + -100 + 120?
96
Calculate -3 + (-2 - -59) + (7 - 6) + 9 + -6.
58
What is the value of -5 + (0 - (-11 - -4)) + 16 + 66?
84
(44 - (-49 - -50)) + -78
-35
Calculate -341 + 164 + (137 - 43).
-83
What is -4 + 5 + 7 - (-674 - -678)?
4
What is 96 - 70 - (-23 + (-2 - -1))?
50
Evaluate (-46 - -127) + -6 + -31.
44
Evaluate (-45 - -46) + (72 - (49 + -45 + (-1 - -3))).
67
What is the value of -31 + 8 + 104 - (-2 + 2)?
81
11 - ((0 - 31) + 13)
29
Calculate (214 - 91) + -24 - (3 - -1).
95
What is 44 + 74 - (-11 - -70)?
59
Calculate 233 + (-150 - 32) - (21 + 0).
30
Evaluate -59 - (15 + (-29 + 9 + -4 - -16)).
-66
Evaluate 79 + -85 + 71 - (20 - (-1 + 3)).
47
Calculate 2 + -1 + 9 - (-57 - -211 - 149).
5
What is the value of (-16 - (-3 - (24 + -3))) + 58?
66
Evaluate -28250 + 28184 - (0 + (1 - 2) + 20).
-85
What is 7 + (0 - -1) - (2 - (22 + (-47 - -51)))?
32
What is the value of 53 - (38 - (-26 + -40))?
-51
Evaluate 210 + -66 - 78 - 9.
57
What is (-1 - 14) + (-19 - -114) + -34?
46
2558 + -2539 - (0 - (2 + 1))
22
What is the value of 105 - (41 + 28) - (16 + 4)?
16
What is the value of (-15 - (-16 + 17 + -13 + 9)) + (0 - -7)?
-5
Calculate 15 - (-7 - -56) - (-10 + (-5 - -30)).
-49
(-785 - -842) + -34 + -2
21
-1 + -2 + 9 - ((-1 - -99) + 442 + -490)
-44
What is 34 + (7 - 7) + -25 - -27?
36
(1 - -1) + -19 + (-32 + 33 - 42)
-58
Evaluate 0 + -70 - (-7 - -7) - (30 - 58 - -25).
-67
Evaluate -1 - (72 + -38 + -27).
-8
What is (1 - 13) + (-65 - (27 + -89)) + 25?
10
Evaluate 24 - (-31 - -15 - -139) - -14.
-85
-44 + -4 + (-1 - (-26 - -26)) + 8 + 1
-40
27 - (-9 + 3 + 3 - 39)
69
What is the value of -29 + 1 + -204 + 66 + 161?
-5
Calculate -115 - ((-63 - -69) + -60).
-61
What is 6 - -14 - 7 - (7 - 0)?
6
What is the value of 9 - (-58 - -115 - (0 - 4))?
-52
What is the value of 60 + -3 - (110 + -22 + -83)?
52
Calculate 1 + 34 + -126 - -9 - -9.
-73
What is 13 + -358 + 463 - (-1 - -38)?
81
What is (-729 - -770) + (0 - 55)?
-14
75 - (-22 - (-55 - -16))
58
Calculate -10 - (29 - 41) - 3.
-1
-6 + -3 + 2 + 0 + -14 + 26 + 2
7
Evaluate 41 - (-9 - 13) - (6 + -10).
67
Calculate 18 - (70 + -19 + -33).
0
What is -1445 + 1500 - (0 + -3 + 